highest common factor of o and m.
7
Suppose -o + 2604 = 3*o. Suppose 2542 - o = 5*d - 3*h, 5*h + 365 = d. Suppose d + 460 = 4*i. What is the greatest common factor of 21 and i?
21
Suppose 25 = 11*p - 6*p. Suppose -p*w + 38 = s, 3*s - 17 = -3*w + 13. Calculate the greatest common factor of 7 and w.
7
Let i(g) = 449 + 6*g + 0*g - 450. Let o be i(5). Calculate the greatest common divisor of 319 and o.
29
Let v(j) = 2*j**2 + 8*j - 10. Let d be v(-7). Let z = -14 + d. What is the highest common divisor of z and 45?
9
Suppose 0 = -5*c - 5*j + 50, 4 = 3*j + 10. What is the highest common divisor of c and 21?
3
Suppose 3*q - 11*q = -176. Suppose -5*w = -2*t + 91, 2 = -3*t + w + 106. What is the greatest common factor of q and t?
11
Suppose -34*j - 27 = -3*d - 35*j, 21 = 3*d - j. Calculate the highest common factor of d and 12.
4
Let c be (408/(-85) - 1/5) + 165. What is the highest common factor of 60 and c?
20
Let t be (-1 - (-3 - -2))*-1. Suppose -l = 3*l + g - 70, t = 2*l - g - 38. Let d = 316 + -172. Calculate the highest common divisor of l and d.
18
Let r be 25 - (-1 + -3 + -3 - -4). Calculate the greatest common divisor of r and 28.
28
Suppose -16 = -2*k - 4*g + 8, -5*g = -3*k + 80. Suppose 0 = -2*r + 4*r - 30. Let l = -10 + r. Calculate the greatest common factor of k and l.
5
Let l = 2628 - 2624. Suppose 245 - 25 = 5*v. What is the highest common factor of v and l?
4
Let a be (-9)/(-2)*(-76)/3. Let p = a + -60. Let b = -120 - p. What is the highest common divisor of 6 and b?
6
Let u(j) = -6*j**2 + 5*j - 4*j**3 - 4*j**3 + 7*j**3 + 0*j**2 - 4. Let l be u(-8). What is the highest common divisor of 14 and l?
14
Suppose 5*k = -3*i + 5*i + 1002, 2*k = -2*i - 974. Let h = -205 - i. What is the highest common divisor of h and 26?
26
Suppose -4*l + 87 = -93. Let u be 5/(-1)*(-63)/l. What is the greatest common divisor of u and 21?
7
Suppose t + 4 = 37. Let i be (-2)/(-11) - 39/t - -55. What is the greatest common divisor of 6 and i?
6
Let b(o) = -7*o**3 - o**2. Let q be b(-1). Let d(p) = p**2 + 4*p - 15. Let i be d(q). What is the greatest common divisor of 9 and i?
9
Let c be 1 - (-2 + 2 - 2). Suppose 0 = 5*x - 4*q - 6 + 1, -14 = c*x + q. Let m be (2 - 290)/x + -1. What is the highest common factor of 38 and m?
19
Suppose -72 + 324 = 12*s. What is the greatest common divisor of s and 133?
7
Let w = 2 - 13. Let k be 2/w - 1412/(-22). Suppose -3*a + k = a. What is the greatest common factor of a and 8?
8
Let z(a) = 83*a**3 + a**2 + 2*a - 2. Let w be z(1). Let r = -72 + w. What is the greatest common factor of 6 and r?
6
Suppose 2*m - 30 = -m + u, m = 5*u - 4. Calculate the highest common factor of 451 and m.
11
Let f(n) = -2*n + 469. Let g be f(47). What is the greatest common divisor of 625 and g?
125
Let l be (0/(-4))/(1/1). Suppose l = z - 5*z + 144. Let g = -1076 + 1085. Calculate the greatest common divisor of z and g.
9
Let a be (4 - (9 - 4))/((-5)/325). What is the greatest common divisor of a and 70?
5
Suppose 3*d = -5*y - 6 - 9, 5*d + 5*y = -15. Suppose 0 = -6*j - d + 48. What is the highest common factor of j and 4?
4
Let z(u) = u**2 + 13*u - 84. Let l be z(11). What is the greatest common factor of 18 and l?
18
Suppose 14*q - 124 - 86 = 0. Calculate the greatest common divisor of q and 1335.
15
Let z(h) = h**2 + 5*h - 19. Suppose 0*k = -k + 62. Suppose 0 = 4*v + k - 10. Let b be z(v). What is the greatest common divisor of 34 and b?
17
Let d(c) = c**2 + 16*c - 12. Let v be d(1). What is the highest common factor of 415 and v?
5
Let g(h) = -24*h + 80. Let k be g(-5). What is the highest common divisor of 30 and k?
10
Suppose 0 = -6*m + 20*m - 1932. What is the highest common divisor of m and 92?
46
Let d(o) = 7*o - 4*o**2 - 4 - 3*o - 2*o**2 + 0*o**2 + o**3. Let l be d(5). Let m be (-6)/(-9) + (-264)/l. What is the highest common factor of 20 and m?
10
Let n be 21/(4*(-3)/(-16)). What is the greatest common divisor of 56 and n?
28
Let u(t) = -36*t - 15. Let v be u(-3). Suppose -z - v = -4*z. Calculate the greatest common divisor of 62 and z.
31
Let k(c) be the first derivative of -c**4/4 + 5*c**3 - c**2 + 36*c + 2. Let y be k(15). What is the greatest common factor of 3 and y?
3
Let v = -36 + 154. Let a = v - 113. Calculate the greatest common divisor of 35 and a.
5
Let l be 2/4*76230/35. Calculate the highest common divisor of l and 33.
33
Suppose 28*d = 57 + 195. Let a = -1 + 0. Let m(x) = -72*x. Let o be m(a). Calculate the greatest common divisor of o and d.
9
Let a(k) = -k**3 + k - 2. Suppose -12 = -3*l + 9*l. Let n be a(l). Suppose n*v + 297 = 7*v. What is the highest common divisor of v and 66?
33
Suppose 3*a + 4*c = -5, 0 = 9*a - 10*a - 4*c - 15. Calculate the greatest common divisor of a and 135.
5
Let r be 27*1 - (0 - 0). Suppose 0 = -3*u + 15, 2 = n - 5*u. What is the highest common factor of n and r?
27
Let q = -966 - -986. Calculate the greatest common divisor of q and 380.
20
Suppose -3*p + 2*a - a = -57, 2*a = 6. Let w(s) = -3*s + 108. Let k be w(26). What is the greatest common factor of k and p?
10
Suppose 0 = -3*n + 4*l + 29, 0*n + 2*n + 2*l = 38. Suppose -2*w = -n - 21. What is the greatest common divisor of w and 99?
9
Let a = -847 + 1187. Calculate the highest common factor of a and 80.
20
Let t = 2 - 4. Let b = t + 5. Suppose 250 = 2*u + 5*w, -3*u + 127 = -b*w - 227. What is the greatest common divisor of 20 and u?
20
Suppose -6*g + 2*g + 360 = 0. Suppose -53*c - 1260 = -123*c. Calculate the greatest common factor of g and c.
18
Let w(b) = 3*b**2 + 5*b + 2. Let t be w(-3). What is the greatest common divisor of t and 14?
14
Let a(p) = -p**3 + 2*p**2 + p + 2. Let w be a(-2). Suppose -3*l - 12 = 3. Let b be (-215)/(-25) - (-3)/l. Calculate the highest common factor of b and w.
8
Let c(i) = -789*i + 3174. Let t be c(4). Let z(o) = -o**2 + 5*o - 4. Let k be z(4). Let r be 10/(k - 1/(-18)). What is the greatest common divisor of r and t?
18
Let v(m) = 4 - 4*m**2 - 8 + 2*m**3 + 3*m + 6. Let h be v(3). Suppose -2 = 3*k - h. Calculate the highest common factor of k and 1.
1
Let d = -29 - -53. Let s = 3 + -1. Let l be (-256)/(-10)*15/s. Calculate the greatest common divisor of l and d.
24
Suppose 0 = 4*i - 76 - 20. What is the greatest common factor of i and 40?
8
Let k(b) = -5*b + 3 - 2*b**2 + 3*b**2 + 3 + 4. Let s be k(6). Suppose 4*a = -s, 0 = 5*z - 3*a - a - 71. Calculate the greatest common factor of 11 and z.
11
Let h(l) = l**2 - 9*l - 64. Let m be h(14). Calculate the greatest common divisor of m and 30.
6
Let q be (27/(-9))/((-5)/30). What is the highest common divisor of q and 198?
18
Suppose -2*x = 3*x - 40. Let u(o) = -o + 10. Let j be u(x). Suppose 4*b = 4*s - 2*s - 40, -70 = -j*s - 2*b. Calculate the highest common divisor of 15 and s.
15
Let d be (-3 + (-46)/(-6))*21. Let o = -46 + d. What is the highest common factor of o and 13?
13
Suppose 47*t - 221 = 719. Calculate the highest common divisor of t and 180.
20
Suppose -5*r + 12 = -18. Suppose r*p - 4*l - 47 = 3*p, -4*p + 4*l = -56. Let a = 12 + p. Calculate the greatest common factor of 7 and a.
7
Let f(h) = h**2 - h + 6. Let x be f(-8). Suppose -2*c = -5*q + 258, q - 5 - 50 = -3*c. Calculate the greatest common factor of x and q.
26
Let i be ((-1)/4 - -1) + (-1526)/(-56). What is the greatest common factor of i and 812?
28
Let g be (-10 + (-2 - -1))*-1. Let b = 12810 - 12777. Calculate the greatest common divisor of g and b.
11
Suppose 4*j + 1862 = -15*j. Let r = j + 118. Calculate the greatest common factor of r and 10.
10
Let r = -451 - -565. Calculate the greatest common divisor of 72 and r.
6
Suppose 4*d - 1088 = 2*u, -5*d - 445 = -6*u - 1791. Calculate the highest common divisor of 411 and d.
137
Let z = -45 + -9. Let n = z + 318. Calculate the greatest common factor of 33 and n.
33
Let m be (30/4)/((-9)/24). Let g be (m/4 - -8) + 214/2. Calculate the greatest common divisor of g and 10.
10
Let v be ((-35)/(-20))/(1/8). Suppose 0 = -f + v. Calculate the greatest common divisor of f and 2.
2
Suppose 117 = -32*g + 35*g. Suppose 156 = 2*u + u. What is the highest common factor of g and u?
13
Let k = 8 + 132. Let f = -125 + k. Let w = 23 + -13. What is the highest common factor of w and f?
5
Let b(y) = -69*y - 240. Let j be b(-15). Calculate the greatest com